pose -12*f + 10*f = n - v, -3*n = -2*f - 1568. List the prime factors of n.
2, 3, 29
Let d = -21586 - -46226. List the prime factors of d.
2, 5, 7, 11
Suppose 0 = 5*g + 98*q - 96*q - 113986, -45607 = -2*g + q. What are the prime factors of g?
2, 3, 5, 19
Let a = 26 + -18. Let m = 315 + -290. Let b = m - a. List the prime factors of b.
17
Let s(k) = 3*k**2 + 9*k - 26. Let p = -2 + 22. Suppose 5*w + 25 = -p. What are the prime factors of s(w)?
2, 17
Suppose 0 = 2*m - 16, 6276*z + 481485 = 6281*z + 5*m. List the prime factors of z.
96289
Let t be (2 - -1)/((-18)/(-4) - 3). Suppose -4*v + 5*v = t*q - 537, 1335 = 5*q + 5*v. Let d = -124 + q. List the prime factors of d.
2, 3
Let w(p) = 2*p - 1. Let r(c) = -2. Let u(v) = 3*r(v) - w(v). What are the prime factors of u(-17)?
29
Suppose -2*t - 17*b + 11*b + 38260 = 0, 38260 = 2*t + b. List the prime factors of t.
2, 5, 1913
Suppose 8*h = 5*a + 4*h + 145, 3*a = 2*h - 89. Suppose 2*t + 117 = -u, -8*t - 285 = -3*t + 4*u. Let p = a - t. What are the prime factors of p?
2, 7
Suppose 0 = 4*t - 3*k - 225265, -5*t + 37*k - 33*k + 281580 = 0. What are the prime factors of t?
2, 5, 11
Let l(p) = 11*p**2 + 181*p - 588. What are the prime factors of l(-88)?
2, 17167
Let u(b) = b + 1. Let c(d) = -d**2 - 17*d + 12. Let y(q) = 4*q + 10. Let l be y(-3). Let f(s) = l*u(s) - c(s). List the prime factors of f(-17).
2, 5
Let k be 1 + (-3 + 4/2)/(-1). Suppose 40 - 140 = k*y. Let q = y + 79. What are the prime factors of q?
29
Suppose -39 = -0*o + 13*o. What are the prime factors of (o - 1119)*(-3)/6?
3, 11, 17
Let f = 3484 + 888. What are the prime factors of f?
2, 1093
Let h(u) be the first derivative of 3*u**2/2 + u - 104. Suppose -3*d + 0*d + 8 = 5*b, 0 = -3*b - 2*d + 5. List the prime factors of h(b).
2
Suppose 2*s - 7 = -5*a, -3*a + 2*a - s - 1 = 0. Let d = a + 1. List the prime factors of (42/3 - d)*4.
2, 5
Let y be -4 - -7 - (-9)/(-3). Suppose 2 = c + c, -2*p - c - 23 = y. Let v(g) = -g**3 - 13*g**2 - 33*g - 39. What are the prime factors of v(p)?
3, 71
Suppose -4*z + 932 = -4*p, -4*z = -0*z + 20. Let o = 607 + p. List the prime factors of o.
3, 41
Let s(d) = 17*d**2 - 17*d - 21. Let g(n) = 35*n**2 - 31*n - 41. Let p(l) = 3*g(l) - 5*s(l). What are the prime factors of p(-4)?
2, 167
List the prime factors of (8 - 5)*953 + -10.
7, 11, 37
Suppose -24676 = -4*u + t - 4273, 5*t - 25 = 0. What are the prime factors of u?
2, 2551
Let s(z) = z**2 + 6*z. Let u be s(-9). Let o = 114 - 59. Let f = o + u. List the prime factors of f.
2, 41
List the prime factors of ((-186)/(-108) + (-16)/72)*508.
2, 3, 127
Let p(i) = 33*i + 9. Let w(n) = -32*n - 9. Let r(j) = -4*p(j) - 5*w(j). Let f = 192 - 185. What are the prime factors of r(f)?
5, 41
Suppose 61 + 33 = 5*c - 2*b, -3*c + 64 = -5*b. Suppose 30 - c = 4*v. Suppose -2*x - 4*p + 50 = 0, -4*p = v*x - 5*x + 50. List the prime factors of x.
5
Let b(s) = -32305*s + 327. What are the prime factors of b(-1)?
2, 4079
Suppose -n + 12*j = 15*j - 647, n - 629 = 3*j. What are the prime factors of (4 - -11)/(11/n)?
2, 3, 5, 29
Let p(i) = 2. Let z(u) = 247*u**2 - 5*u - 9. Let x(q) = 6*p(q) + z(q). List the prime factors of x(1).
5, 7
Suppose 8 = 2*g + 2*g + 2*o, -5*o = g - 20. Suppose 0 = -3*b + 25 - 19. List the prime factors of 430/6 + g + b/(-3).
71
Let w(t) = 13*t - 40. Suppose 11*o - 13*o = -10. Let u be w(o). List the prime factors of (-3)/((-2 - -1)/u*1).
3, 5
Let v(c) = 2. Let g(n) = -n + 1. Let y(u) = 4*g(u) - 6*v(u). Let h be y(-2). Suppose s - 62 = -h. List the prime factors of s.
2, 31
Let c be ((-5)/2 + 1)*(-22 - -8). Suppose -c*a = 2405 - 8894. List the prime factors of a.
3, 103
Let l be 2 + -8 + 5 - -6. Let d(p) = p**3 + 9*p**2 - 13*p - 9. What are the prime factors of d(l)?
2, 3, 23
Suppose 3*c + 3*r + 34 = 7*r, 0 = 3*c - 2*r + 38. Let g(l) = l**3 + 16*l**2 - 5. Let t be g(c). Suppose -11 = -2*j + t. List the prime factors of j.
199
Suppose -4*a = x - 48433, x = a + 26938 + 21510. List the prime factors of x.
5, 9689
Let p(x) be the second derivative of x**4/12 - 2*x**3 - 6*x**2 - 8*x + 10. What are the prime factors of p(25)?
313
Suppose 0 = -5*o - 11285 - 15075. List the prime factors of -5 - (o/10 + 28/(-35)).
523
Suppose 3*t - 263334 = -3*b, 53*b - 54*b + 438926 = 5*t. What are the prime factors of t?
7, 12541
Suppose 47 = 4*b + 3*l, 4*l = -0*l - 12. Let q be -9 + 143 - (-4 + 11). Let p = q - b. What are the prime factors of p?
113
Suppose s = 134 + 195. Let t = s + -177. Let r = -66 + t. What are the prime factors of r?
2, 43
Let o be ((-18)/12)/((-3)/268). Suppose -o*g = -135*g + 68. List the prime factors of g.
2, 17
Let t = 43111 - 23762. What are the prime factors of t?
11, 1759
Let u be (-6)/24*(0 - 2)*-42. Let q = 24 + u. Suppose -444 = q*o - 7*o. List the prime factors of o.
3, 37
Suppose -125326 - 682572 = -26*f. What are the prime factors of f?
7, 23, 193
Suppose -3*l - 7*c = -9*c - 6722, -3*c = 4*l - 8957. Suppose p = -3*z + l, -3*p - 363 + 2595 = 3*z. What are the prime factors of z?
2, 11, 17
Let y(w) = -5*w**3 - 9*w**2 - 5*w - 2. Let d be y(-8). Let c = -1075 + d. Suppose -13*k + c = -158. List the prime factors of k.
5, 17
Let i = 102770 + -53046. List the prime factors of i.
2, 31, 401
Let j(d) = -2 + 304*d**2 - 10 - 19*d - 606*d**2 + 301*d**2. Let l = -16 + 9. What are the prime factors of j(l)?
2, 3
Suppose -95*p + 72 = -101*p. Let r be p/(-14)*(-3 + 184/24). Suppose 4*o = -4*g + 752, -13*o = r*g - 8*o - 753. What are the prime factors of g?
11, 17
Let w = -22520 - -37948. List the prime factors of w.
2, 7, 19, 29
Suppose -3*s + 2*s = -8*s. Suppose s = 12*h - 11*h - 260. What are the prime factors of h?
2, 5, 13
Let y(l) = -3*l + 35. Let z be y(11). Let j = z - -28. Let k = 48 - j. What are the prime factors of k?
2, 3
Suppose -4*p = -2*p - 416. What are the prime factors of (364/p)/((-1)/(-212))?
7, 53
Let s(m) = -6*m - 9. Let l be s(-2). Suppose -l*z + x - 93 = 0, -4*z + 2*x - 122 = -0*x. Let a = 22 - z. List the prime factors of a.
2, 3
Let z = -20907 - -57980. What are the prime factors of z?
131, 283
Suppose z = 3*t + 459, 8*t = 5*t + 3. Suppose -21*k - z + 8190 = 0. What are the prime factors of k?
2, 23
Suppose -20 = -48*k + 43*k. Suppose 0 = -b - k*b - 3*r + 1178, -r = b - 236. List the prime factors of b.
5, 47
Let x(z) = z**3 - 13*z**2 - 36*z - 12. Let g be x(19). Suppose 0 = 7*w + 42 - g. Let f = 372 - w. List the prime factors of f.
2, 3, 7
Let j = 135 - 143. Let r be (-3 - j) + 81 + -2. Let l = 60 + r. List the prime factors of l.
2, 3
Suppose -s - 21620 = -a, -36 = -5*s - 21. What are the prime factors of a?
7, 3089
Let x be 2*1*55/11. Let n = -4 + x. List the prime factors of (n/7)/((-12)/(-84)).
2, 3
Let v = 62898 - 32239. What are the prime factors of v?
23, 31, 43
Suppose -3*k = -4*j + 9998, -2*k + 8 - 4 = 0. What are the prime factors of j?
41, 61
Suppose 58*o + 748656 = 81*o + 49*o. What are the prime factors of o?
2, 3, 1733
What are the prime factors of 3137652/(-36)*(-25)/35?
5, 12451
Let w be 84 - (-7 - (8 - 7)). Suppose 0 = 2*t + w - 592. What are the prime factors of t?
2, 5
What are the prime factors of (312/(-130))/(3/(-29070))?
2, 3, 17, 19
What are the prime factors of -10 - (-3*5418 + -12)?
2, 127
Suppose -278137 = 106*y - 3871855. What are the prime factors of y?
3, 3767
Suppose 141*i - 367878 = 8*i. List the prime factors of i.
2, 3, 461
Let l(f) = -7905*f + 650. List the prime factors of l(-3).
5, 11, 443
Let g(h) = h**2 - 7*h - 10. Let q(y) = y - 1. Let u be q(3). Let n be (-9)/(-18) + 21/u. What are the prime factors of g(n)?
2, 17
Let k(t) = -12*t. Let q(f) = -f**3 - 7*f**2 - 2*f - 15. Let w be q(-7). Let v be k(w). Let g = v - -40. What are the prime factors of g?
2, 13
Let o(m) = -m**2 - 10*m + 123. What are the prime factors of o(-8)?
139
Let u(t) = -5715*t - 8501. List the prime factors of u(-9).
2, 21467
Let d(c) = -c + 2. Let o be d(-5). Let p(f) = -f**2 + 5*f + 18. Let s be p(o). Suppose s*u - u + 15 = 0, 5*a - 3*u - 180 = 0. List the prime factors of a.
3, 11
Suppose -261622 + 316068 + 554422 = 36*d. List the prime factors of d.
13, 1301
Suppose -q + 0*q - 327 = 0. Let b = q - -503. Let y = b + -9. List the prime factors of y.
167
Let y(j) = 13*j**2 - 2*j + 11. Suppose o = -3*u - 10, -11*o = -15*o - 5*u - 3